y 118?
55
Calculate the remainder when 159 is divided by 68.
23
Calculate the remainder when 248 is divided by 86.
76
Calculate the remainder when 195 is divided by 195.
0
Calculate the remainder when 195 is divided by 63.
6
What is the remainder when 614 is divided by 196?
26
Calculate the remainder when 391 is divided by 42.
13
Calculate the remainder when 28 is divided by 16.
12
Calculate the remainder when 71 is divided by 43.
28
Calculate the remainder when 340 is divided by 57.
55
Calculate the remainder when 192 is divided by 14.
10
Calculate the remainder when 189 is divided by 31.
3
Calculate the remainder when 12894 is divided by 16.
14
What is the remainder when 803 is divided by 267?
2
What is the remainder when 193 is divided by 28?
25
What is the remainder when 31 is divided by 5?
1
What is the remainder when 2141 is divided by 143?
139
Calculate the remainder when 250 is divided by 71.
37
Calculate the remainder when 784 is divided by 733.
51
Calculate the remainder when 360 is divided by 99.
63
What is the remainder when 124 is divided by 33?
25
What is the remainder when 256 is divided by 93?
70
Calculate the remainder when 53 is divided by 25.
3
Calculate the remainder when 2554 is divided by 30.
4
Calculate the remainder when 307 is divided by 4.
3
What is the remainder when 657 is divided by 224?
209
Calculate the remainder when 103 is divided by 13.
12
Calculate the remainder when 944 is divided by 75.
44
Calculate the remainder when 172 is divided by 40.
12
Calculate the remainder when 2277 is divided by 114.
111
Calculate the remainder when 74 is divided by 6.
2
What is the remainder when 7231 is divided by 8?
7
What is the remainder when 239 is divided by 16?
15
Calculate the remainder when 772 is divided by 640.
132
What is the remainder when 23 is divided by 18?
5
Calculate the remainder when 597 is divided by 23.
22
Calculate the remainder when 9478 is divided by 24.
22
Calculate the remainder when 7265 is divided by 79.
76
What is the remainder when 4460 is divided by 1483?
11
Calculate the remainder when 5147 is divided by 50.
47
What is the remainder when 3377 is divided by 141?
134
What is the remainder when 70 is divided by 31?
8
Calculate the remainder when 112 is divided by 25.
12
Calculate the remainder when 571 is divided by 194.
183
Calculate the remainder when 2059 is divided by 59.
53
What is the remainder when 3071 is divided by 1009?
44
Calculate the remainder when 12674 is divided by 13.
12
Calculate the remainder when 506 is divided by 35.
16
What is the remainder when 80 is divided by 20?
0
Calculate the remainder when 541 is divided by 56.
37
Calculate the remainder when 12325 is divided by 23.
20
What is the remainder when 184 is divided by 40?
24
What is the remainder when 781 is divided by 14?
11
What is the remainder when 234 is divided by 77?
3
Calculate the remainder when 652 is divided by 219.
214
Calculate the remainder when 179 is divided by 30.
29
What is the remainder when 4634 is divided by 2312?
10
Calculate the remainder when 60 is divided by 4.
0
What is the remainder when 31 is divided by 16?
15
Calculate the remainder when 2686 is divided by 21.
19
Calculate the remainder when 31 is divided by 29.
2
What is the remainder when 48 is divided by 13?
9
What is the remainder when 534 is divided by 116?
70
Calculate the remainder when 149 is divided by 42.
23
What is the remainder when 2026 is divided by 2?
0
Calculate the remainder when 84 is divided by 22.
18
Calculate the remainder when 184 is divided by 69.
46
What is the remainder when 458 is divided by 78?
68
What is the remainder when 3570 is divided by 179?
169
Calculate the remainder when 934 is divided by 72.
70
What is the remainder when 718 is divided by 72?
70
Calculate the remainder when 389 is divided by 66.
59
Calculate the remainder when 241 is divided by 82.
77
What is the remainder when 2344 is divided by 102?
100
Calculate the remainder when 148 is divided by 3.
1
Calculate the remainder when 93 is divided by 33.
27
Calculate the remainder when 72 is divided by 25.
22
Calculate the remainder when 3400 is divided by 54.
52
Calculate the remainder when 76 is divided by 3.
1
What is the remainder when 152 is divided by 11?
9
What is the remainder when 885 is divided by 290?
15
Calculate the remainder when 223 is divided by 14.
13
What is the remainder when 412 is divided by 16?
12
Calculate the remainder when 131 is divided by 12.
11
What is the remainder when 1010 is divided by 26?
22
Calculate the remainder when 470 is divided by 53.
46
Calculate the remainder when 171 is divided by 156.
15
What is the remainder when 2215 is divided by 74?
69
Calculate the remainder when 1455 is divided by 52.
51
Calculate the remainder when 545 is divided by 39.
38
What is the remainder when 521 is divided by 88?
81
What is the remainder when 1809 is divided by 55?
49
What is the remainder when 63 is divided by 3?
0
What is the remainder when 955 is divided by 76?
43
What is the remainder when 982 is divided by 99?
91
Calculate the remainder when 464 is divided by 3.
2
Calculate the remainder when 263 is divided by 66.
65
What is the remainder when 505 is divided by 39?
37
Calculate the remainder when 245 is divided by 47.
10
What is the remainder when 186 is divided by 31?
0
What is the remainder when 8923 is divided by 21?
19
What is the remainder when 251 is divided by 50?
1
Calculate the remainder when 99 is divided by 11.
0
What is the remainder when 4324 is divided by 173?
172
What is the remainder when 1228 is divided by 30?
28
What is the remainder when 75 is divided by 40?
35
What is the remainder when 4568 is divided by 759?
14
What is the remainder when 223 is divided by 218?
5
Calculate the remainder when 348 is divided by 39.
36
What is the remainder when 1084 is divided by 21?
13
What is the remainder when 197 is divided by 44?
21
Calculate the remainder when 38 is divided by 27.
11
Calculate the remainder when 1139 is divided by 501.
137
Calculate the remainder when 1046 is divided by 323.
77
Calculate the remainder when 74 is divided by 20.
14
What is the remainder when 1863 is divided by 14?
1
What is the remainder when 60 is divided by 4?
0
Calculate the remainder when 86 is divided by 70.
16
Calculate the remainder when 182 is divided by 76.
30
What is the remainder when 1818 is divided by 7?
5
Calculate the remainder when 90 is divided by 4.
2
What is the remainder when 409 is divided by 19?
10
Calculate the remainder when 53865 is divided by 12.
9
Calculate the remainder when 1106 is divided by 186.
176
Calculate the remainder when 135 is divided by 51.
33
What is the remainder when 651 is divided by 66?
57
Calculate the remainder when 253 is divided by 17.
15
Calculate the remainder when 31 is divided by 12.
7
What is the remainder when 78 is divided by 4?
2
Calculate the remainder when 1316 is divided by 3.
2
Calculate the remainder when 206 is divided by 10.
6
What is the remainder when 164 is divided by 40?
4
What is the remainder when 361 is divided by 91?
88
Calculate the remainder when 939 is divided by 217.
71
What is the remainder when 1304 is divided by 87?
86
Calculate the remainder when 13927 is divided by 14.
11
Calculate the remainder when 211 is divided by 110.
101
What is the remainder when 306 is divided by 22?
20
Calculate the remainder when 937 is divided by 14.
13
Calculate the remainder when 16421 is divided by 45.
41
What is the remainder when 105 is divided by 19?
10
Calculate the remainder when 739 is divided by 735.
4
What is the remainder when 405 is divided by 14?
13
Calculate the remainder when 1769 is divided by 25.
19
What is the remainder when 973 is divided by 80?
13
What is the remainder when 803 is divided by 31?
28
Calculate the remainder when 123 is divided by 88.
35
What is the remainder when 23 is divided by 4?
3
What is the remainder when 41 is divided by 4?
1
Calculate the remainder when 649 is divided by 26.
25
Calculate the remainder when 36556 is divided by 20.
16
What is the remainder when 64 is divided by 23?
18
Calculate the remainder when 2290 is divided by 34.
12
Calculate the remainder when 285 is divided by 36.
33
What is the remainder when 214 is divided by 54